at is the units digit of y?
8
Suppose n - 5*n - f + 3462 = 0, 4*n - 3470 = 3*f. What is the tens digit of n?
6
Suppose 2*t = -3*t + 2*z - 40, 20 = -5*t - 2*z. What is the tens digit of -2 + 3/t*590/(-5)?
5
Suppose 5 = 4*c - 7. What is the tens digit of (c/(-3))/(4/(-152))?
3
Let r = -24 + 27. Suppose -2*p + g - 2*g = -18, -6 = -r*g. What is the units digit of p?
8
Let w = -56 + 203. What is the tens digit of w?
4
What is the thousands digit of 9 - (8 - (3290 + -6))?
3
Suppose -49*k = 6002 - 32511. What is the tens digit of k?
4
Suppose -3*w - 3*d = -45, -5*d = -2 - 3. What is the tens digit of 4/w + 960/21?
4
Let c = 4 + 1. Suppose 0 = 4*r - 2*g - 866, -5*g + c = -20. Suppose 9 = -5*p + r. What is the tens digit of p?
4
What is the tens digit of (-213)/2*(80/15)/(-8)?
7
Let j(p) = -139*p - 1. Let k be j(-1). Let i = 279 - k. What is the hundreds digit of i?
1
Let p = 1975 + -1317. What is the units digit of p?
8
Let i(o) = -60*o + 68. What is the units digit of i(-5)?
8
Let d(z) = z**3 - 3*z**2 + 13*z - 9. Let n be d(6). Suppose n = 2*q + 111. What is the units digit of q?
3
Suppose 0 = -9*x + 516 + 3741. What is the hundreds digit of x?
4
Suppose 21*l = 37212 + 13125. What is the tens digit of l?
9
Let j(w) = -w**2 + 4*w + 5. Let c be j(4). Suppose -c*q - 5*f = -15, 2*f + f - 13 = -5*q. Suppose 4*r = -20, 5*n - 2*n = -q*r + 2. What is the units digit of n?
4
Let o(v) = -v**3 - 17*v**2 + v + 77. What is the units digit of o(-19)?
0
What is the tens digit of 2 + 835 + (-5 - (-9 - -5))?
3
Let t(k) = k**3 - 3*k**2 + 3. Let z be t(2). Suppose -4*x - 3*j + 4 = 0, -5*x + 9 + 3 = 2*j. What is the tens digit of 23 - z/(x/(-8))?
2
Let c = -30 - -51. Suppose 0 = c*m - 17*m - 260. What is the tens digit of m?
6
Let b(u) be the second derivative of u**5/20 + 5*u**4/6 + u**3 + 7*u**2/2 + 8*u. What is the tens digit of b(-8)?
8
Let z be ((-8)/3)/(4/72). Suppose 2*x - 3*p + 20 = 0, 2*p - 15 - 9 = 2*x. Let m = x - z. What is the tens digit of m?
3
Let o = -877 + 4213. What is the units digit of o?
6
Let x be 9/6 + 3/(-6). Let m be (1 + 1)*44/x. Let d = -40 + m. What is the tens digit of d?
4
Let u = 65 - 61. Suppose -33 - 155 = -u*b - 2*l, -2*l = 2*b - 98. What is the units digit of b?
5
Let f = -170 + 301. Let l = 190 - f. What is the tens digit of l?
5
Suppose -2 = -2*n, -2*u + 0*u - n - 5 = 0. What is the tens digit of u/(-1) - (-98)/14?
1
Let o(w) = w**3 - 28*w**2 + 28*w - 25. Let q be o(27). What is the units digit of ((-3)/q)/(3/(-148))?
4
Let s = -21 - -36. What is the units digit of 8/(-60) - (-917)/s?
1
Suppose 4*g + g - 4*s + 89 = 0, 2*g + 35 = s. Let t = 16 + g. What is the tens digit of -2 + -1 - t*33?
3
Suppose -5*n + 104 = -56. Let w be ((-658)/56)/((-2)/n). Suppose 4*m - w = -l, 4*m + m + 2*l = 235. What is the units digit of m?
7
Let r(s) = 20*s**2 - 13*s + 32. Let y be r(5). Let x = y - 310. What is the hundreds digit of x?
1
Suppose -13*q - 20*q + 2145 = 0. What is the units digit of q?
5
Let f be -9*((-1)/(-3) - -1). What is the units digit of -2 + 3/(f/(-272))?
6
Suppose -2*a - 40 = -14. Let x(z) = -z**2 - 14*z + 7. What is the units digit of x(a)?
0
Let n be (-4)/1 - 2*(0 - 2). Suppose -3*q = -5*g + 11, 2*g - 5 = q - n*q. What is the units digit of g?
4
Suppose 4*z + 2344 = j, -5*j = -7*z + 3*z - 11800. What is the tens digit of j?
6
Suppose 244 = -z + c, 0 = 5*c - 2*c. Let h = z - -499. Suppose -6*d = -11*d + h. What is the units digit of d?
1
Let b be (8/12)/((-1)/(-3)). Let x be 4*35/5 - b. Suppose g - 21 - x = 0. What is the units digit of g?
7
Suppose -4*t = -3*w - 0*w + 202, 4*t + 210 = -w. Let y be (-2)/5 - t/5. What is the units digit of 15/y*(-40)/(-3)?
0
Let t(o) = -2*o**2 + 4*o**2 - 4 + 2*o + o**3 + 3 + 2*o**2. Let d be t(-2). Suppose 0*z + d*z - 105 = 0. What is the tens digit of z?
3
Suppose 1604 = 4*p - 0*p - 4*f, -4*p + 1598 = 2*f. What is the hundreds digit of p?
4
Let h(c) = -c**3 + 4*c**2 - 7*c - 8. Suppose 0*w + 5*w - 35 = -f, -3*f + 7 = w. Let x be h(w). Let p = -139 - x. What is the tens digit of p?
6
Let o be (1 - -1) + 1 + -3 + 2. Suppose o*u - 195 = -u. What is the tens digit of u?
6
Let q be -8*(-1)/(8/3). Suppose 5*h + 43 = 3*u, 0 = u - 0*u + q*h - 5. What is the tens digit of u?
1
Suppose -13*k - 531 = -4821. What is the tens digit of ((-4)/(-5))/(4/k)?
6
What is the hundreds digit of 2/4 - 3426/(-4)?
8
Let k(g) = 43*g + 71. What is the thousands digit of k(46)?
2
Let c(s) = 3*s**3 - 2*s**2 + 2*s - 1. Let n be c(1). Suppose -n*w + 405 = w. What is the units digit of w?
5
Suppose -4*t - s + 0*s = -17, -5*t = -5*s + 10. Suppose 2*b + 3*b = t*y + 659, -5*b = -y - 653. What is the hundreds digit of b?
1
Let w(q) = -2*q**3 - 8*q**2 - 4*q - 25. Let z(d) = -d**3 + d**2 - 1. Let j(n) = -w(n) + 3*z(n). What is the hundreds digit of j(10)?
1
Let m(z) = -2301*z - 21. What is the thousands digit of m(-1)?
2
Suppose 5*v - v + 16 = d, d + 4*v + 16 = 0. Suppose 4*s = -2*f + 4*f - 150, -2*f - 5*s + 132 = d. What is the tens digit of f?
7
Let b(s) = s**2 + 2*s - 23. Let v be b(-7). Suppose -7*f = -v*f + 25. Suppose 4*c + 4*k = 150 + 94, -2*k = -f*c + 340. What is the units digit of c?
6
Suppose -7*v - 175 = 7. Let c be 88/3*(-117)/v. Let f = c + -66. What is the units digit of f?
6
Let r = -200 + 377. What is the units digit of r?
7
Suppose -c + 49 = -5*r, 5*c - 5*r = 3*c + 93. Let i = 103 - c. What is the tens digit of i?
5
Let p = -1115 - -2886. What is the hundreds digit of p?
7
Let a(u) = u**3 + 24*u**2 - 5*u - 43. What is the thousands digit of a(-10)?
1
Let j = -20 - -10. Let n be j/(-45) + (-43)/(-9). Suppose n*g = 3*s + 94, 6*g - 2*g + 4*s - 56 = 0. What is the tens digit of g?
1
Let g(w) = -w**3 + 9*w**2 - 4*w + 9. Let i be g(7). Suppose 4*b - 331 = -i. What is the tens digit of b?
6
Suppose 4*q - 2744 = -d, -6*d + 3*d + 4*q = -8152. What is the thousands digit of d?
2
Let j(l) be the second derivative of l**5/20 - l**4 + 4*l**3/3 + 5*l**2/2 - 16*l. What is the hundreds digit of j(12)?
1
What is the hundreds digit of 35/10*(-184200)/(-140)?
6
Let i = 0 - -6. Let t = i + -3. Suppose 4*z + u - 160 = 35, t*u = -z + 46. What is the units digit of z?
9
Suppose v + 32 = -195. Let p = v + 402. Suppose -5*y - 45 = -p. What is the tens digit of y?
2
Suppose z = 3*g - 3604, 2*g - g - 2*z - 1193 = 0. What is the thousands digit of g?
1
Suppose 0 = -5*p, 4*t + p - 5*p - 20 = 0. Suppose 0 = 2*n + t*u + 10 - 266, -2*u = 2*n - 244. What is the hundreds digit of n?
1
Suppose 2*b + 5*p = -28, -2*b + 2*p - 5*p - 20 = 0. Let z be (b*9/(-12))/1. Suppose z*v - 2*v = 43. What is the tens digit of v?
4
Let j(s) = -s**3 - s**2 - 2*s + 3. Let w be j(0). Suppose -n + w = -0*n - 2*v, -n - 3 = -5*v. What is the units digit of n?
7
Let u = 13 + -13. Suppose -10 = -u*g - 5*g. Suppose h - 72 = -g*h. What is the tens digit of h?
2
Suppose 3*y + 2*y - 30 = 0. What is the tens digit of 2 + ((-34)/(-3))/(1/y)?
7
Suppose 3*l + 228 = -3*c, 5*l + 632 = -2*c + 255. What is the tens digit of ((-2)/1)/(13 + -11) - l?
7
What is the thousands digit of -5 + 6 + 2 + 1430?
1
Let f = 2278 - 1094. What is the tens digit of f?
8
Let u(m) = -4*m**2 + m + 9. Let x be u(-5). What is the hundreds digit of (-5)/2*37*x/60?
1
Let x be 3 - 4 - (2 + 197). What is the units digit of (x/(-14))/((-10)/(-35))?
0
Let x be 420/(-45)*3/(-2). Let g = 41 + x. What is the units digit of g?
5
Let h be 2/5 + (-13)/(-5). Suppose h*j - 5*j = -272. What is the tens digit of (j/10)/((-14)/(-35))?
3
Suppose -5*r + 2897 = -713. What is the hundreds digit of r?
7
Let f(l) = l + 14. Let c(u) = -12*u + 2. Let d be c(1). Let j be f(d). Suppose j*t - 57 = 43. What is the units digit of t?
5
Suppose -3*n = -5*n + 48. What is the hundreds digit of (152/(-5))/(n/(-180))?
2
Let q be 144 - (-12)/8*2. Let c = q + -77. What is the tens digit of c?
7
Let k(b) = -b**3 - 12*b**2 - 15*b + 16. Let a be -4 + 0 + 7 + -14. What is the units digit of k(a)?
0
Let y be (-1)/2*(-3 - 1). Let l = y + -2. Suppose -2*c + l*c - 2*o = -84, 5*o = -3*c + 128. What is the units digit of c?
1
Let h = -20 - -13. Let c = h + 96. What is the tens digit of c/4 + (-3)/(-4)?
2
Suppose -u + 360 = p, -1444 = -3*p - p - 2*u. What is the units digit of p?
2
Let h(i) = 1009*i + 10. What is the tens digit of h(1)?
1
Suppose 14548 = -1